{"id":18652,"date":"2022-02-04T14:35:00","date_gmt":"2022-02-04T14:35:00","guid":{"rendered":"https:\/\/www.ipsantarem.pt\/?page_id=18652"},"modified":"2025-02-22T16:01:52","modified_gmt":"2025-02-22T16:01:52","slug":"presidency","status":"publish","type":"page","link":"https:\/\/www.ipsantarem.pt\/en\/presidency\/","title":{"rendered":"Presidency"},"content":{"rendered":"\t\t<div data-elementor-type=\"wp-page\" data-elementor-id=\"18652\" class=\"elementor elementor-18652\" data-elementor-post-type=\"page\">\n\t\t\t\t\t\t<section class=\"elementor-section elementor-top-section elementor-element elementor-element-e94b352 elementor-section-boxed elementor-section-height-default elementor-section-height-default\" data-id=\"e94b352\" data-element_type=\"section\">\n\t\t\t\t\t\t<div class=\"elementor-container elementor-column-gap-default\">\n\t\t\t\t\t<div class=\"elementor-column elementor-col-100 elementor-top-column elementor-element elementor-element-98c9be9\" data-id=\"98c9be9\" data-element_type=\"column\">\n\t\t\t<div class=\"elementor-widget-wrap elementor-element-populated\">\n\t\t\t\t\t\t<div class=\"elementor-element elementor-element-b1890eb elementor-widget elementor-widget-text-editor\" data-id=\"b1890eb\" data-element_type=\"widget\" data-widget_type=\"text-editor.default\">\n\t\t\t\t<div class=\"elementor-widget-container\">\n\t\t\t\t\t\t\t\t\t<h3><strong>President of the IPSantar\u00e9m<\/strong><\/h3><p><strong>Jo\u00e3o Miguel Raimundo Peres Mout\u00e3o\u00a0<\/strong><\/p><p>joao.moutao@ipsantarem.pt\u00a0<\/p><p><strong>Vices-Presidents<\/strong><\/p><p>S\u00f3nia Raquel Pereira Malta Marruaz Seixas<\/p><p>sonia.seixas@ipsantarem.pt<\/p><p>H\u00e9lder Orlando Cardoso Pereira<\/p><p>helder.pereira@sc.ipsantarem.pt<\/p><p><strong><br \/>Pro-President for Innovation Area<br \/><\/strong><\/p><p>Maria Costa Potes Barroso Santa-Clara Barbas<\/p><p>maria.barbas@sc.ipsantarem.pt<\/p><ul><li>Coordination of Research &amp; Development projects and their applications for European and national funds;<\/li><li>Coordinate initiatives in the areas of scientific and pedagogical modernization and innovation.<\/li><\/ul><p><strong><br \/>Pro-President for Internationalization and Cooperation Area<br \/><\/strong><\/p><p>Jo\u00e3o Paulo Rodrigues da Silva Samartinho<\/p><p>joao.samartinho@sc.ipsantarem.pt<\/p><ul><li>Coordination of internationalization and cooperation affairs.<\/li><\/ul>\t\t\t\t\t\t\t\t<\/div>\n\t\t\t\t<\/div>\n\t\t\t\t\t<\/div>\n\t\t<\/div>\n\t\t\t\t\t<\/div>\n\t\t<\/section>\n\t\t\t\t<\/div>\n\t\t","protected":false},"excerpt":{"rendered":"<p>President of the IPSantar\u00e9m Jo\u00e3o Miguel Raimundo Peres Mout\u00e3o\u00a0 joao.moutao@ipsantarem.pt\u00a0 Vices-Presidents S\u00f3nia Raquel Pereira Malta Marruaz Seixas sonia.seixas@ipsantarem.pt H\u00e9lder Orlando Cardoso Pereira helder.pereira@sc.ipsantarem.pt Pro-President for Innovation Area Maria Costa Potes Barroso Santa-Clara Barbas maria.barbas@sc.ipsantarem.pt Coordination of Research &amp; Development projects and their applications for European and national funds; Coordinate initiatives in the areas of scientific [&hellip;]<\/p>\n","protected":false},"author":14,"featured_media":0,"parent":0,"menu_order":1,"comment_status":"closed","ping_status":"closed","template":"","meta":{"footnotes":""},"class_list":["post-18652","page","type-page","status-publish","hentry"],"_links":{"self":[{"href":"https:\/\/www.ipsantarem.pt\/en\/wp-json\/wp\/v2\/pages\/18652","targetHints":{"allow":["GET"]}}],"collection":[{"href":"https:\/\/www.ipsantarem.pt\/en\/wp-json\/wp\/v2\/pages"}],"about":[{"href":"https:\/\/www.ipsantarem.pt\/en\/wp-json\/wp\/v2\/types\/page"}],"author":[{"embeddable":true,"href":"https:\/\/www.ipsantarem.pt\/en\/wp-json\/wp\/v2\/users\/14"}],"replies":[{"embeddable":true,"href":"https:\/\/www.ipsantarem.pt\/en\/wp-json\/wp\/v2\/comments?post=18652"}],"version-history":[{"count":115,"href":"https:\/\/www.ipsantarem.pt\/en\/wp-json\/wp\/v2\/pages\/18652\/revisions"}],"predecessor-version":[{"id":21304,"href":"https:\/\/www.ipsantarem.pt\/en\/wp-json\/wp\/v2\/pages\/18652\/revisions\/21304"}],"wp:attachment":[{"href":"https:\/\/www.ipsantarem.pt\/en\/wp-json\/wp\/v2\/media?parent=18652"}],"curies":[{"name":"wp","href":"https:\/\/api.w.org\/{rel}","templated":true}]}}

<div data-elementor-type="wp-page" data-elementor-id="18652" class="elementor elementor-18652" data-elementor-post-type="page">
						<section class="elementor-section elementor-top-section elementor-element elementor-element-e94b352 elementor-section-boxed elementor-section-height-default elementor-section-height-default" data-id="e94b352" data-element_type="section">
						<div class="elementor-container elementor-column-gap-default">
					<div class="elementor-column elementor-col-100 elementor-top-column elementor-element elementor-element-98c9be9" data-id="98c9be9" data-element_type="column">
			<div class="elementor-widget-wrap elementor-element-populated">
						<div class="elementor-element elementor-element-b1890eb elementor-widget elementor-widget-text-editor" data-id="b1890eb" data-element_type="widget" data-widget_type="text-editor.default">
				<div class="elementor-widget-container">
									<h3><strong>President of the IPSantarém</strong></h3><p><strong>João Miguel Raimundo Peres Moutão </strong></p><p>joao.moutao@ipsantarem.pt </p><p><strong>Vices-Presidents</strong></p><p>Sónia Raquel Pereira Malta Marruaz Seixas</p><p>sonia.seixas@ipsantarem.pt</p><p>Hélder Orlando Cardoso Pereira</p><p>helder.pereira@sc.ipsantarem.pt</p><p><strong><br />Pro-President for Innovation Area<br /></strong></p><p>Maria Costa Potes Barroso Santa-Clara Barbas</p><p>maria.barbas@sc.ipsantarem.pt</p><ul><li>Coordination of Research &amp; Development projects and their applications for European and national funds;</li><li>Coordinate initiatives in the areas of scientific and pedagogical modernization and innovation.</li></ul><p><strong><br />Pro-President for Internationalization and Cooperation Area<br /></strong></p><p>João Paulo Rodrigues da Silva Samartinho</p><p>joao.samartinho@sc.ipsantarem.pt</p><ul><li>Coordination of internationalization and cooperation affairs.</li></ul>								</div>
				</div>
					</div>
		</div>
					</div>
		</section>
				</div>

<p>President of the IPSantarém João Miguel Raimundo Peres Moutão  joao.moutao@ipsantarem.pt  Vices-Presidents Sónia Raquel Pereira Malta Marruaz Seixas sonia.seixas@ipsantarem.pt Hélder Orlando Cardoso Pereira helder.pereira@sc.ipsantarem.pt Pro-President for Innovation Area Maria Costa Potes Barroso Santa-Clara Barbas maria.barbas@sc.ipsantarem.pt Coordination of Research &amp; Development projects and their applications for European and national funds; Coordinate initiatives in the areas of scientific [&hellip;]</p>
